*z + c = -2*q. Is z/18 + 52090/90 composite?
True
Let q = -19380 + 56097. Is q prime?
False
Let n = 61 + -58. Suppose -3*q + n*k + 455 = -8398, q + k - 2957 = 0. Suppose 0 = 5*d + 2*d - q. Is d prime?
False
Let h(i) = 47*i**3 - 11*i**2 - 27*i - 18. Let z be h(12). Is (-15)/(z/(-13210) + 6) a prime number?
False
Suppose -25*l = -465499 - 35026. Is l composite?
False
Let x = -231 - -249. Suppose u - 16*a - 1105 = -x*a, -4*u + 3*a = -4475. Is u a composite number?
True
Suppose 32*j - 131 + 21 = 18. Let k be 2/8 - 30/(-8). Suppose 5*d - 5195 = j*s - 8*s, 4*d = k*s + 4192. Is d a composite number?
True
Let c(l) = 3864*l - 67. Let b be c(4). Suppose -b = -18*x + 9973. Is x a composite number?
False
Suppose -54*o + 58*o - 12 = 0. Let g(f) = 2504*f + 10. Is g(o) a composite number?
True
Let i(d) = 136*d**2 - 38*d + 1007. Is i(21) composite?
True
Let s(p) = -130*p - 92*p + 7*p - 40. Let x be 728/273 + (-29)/3. Is s(x) a prime number?
False
Suppose 0 = x + 77380 - 184324 - 174565. Is x a composite number?
False
Is -51505*(2 - -12)/(-70) composite?
False
Let a = -124643 + 248384. Suppose -2*x = 5*b - a, 22799 = b - 2*x - 1954. Is b a prime number?
True
Is (935531/3)/((-22)/(-66)) a prime number?
True
Suppose -2*r - 12 = -4*r, -5*l - 2*r = -1444047. Is l prime?
False
Is (20 + -18)/((-7)/1635263*-2) composite?
False
Is (-23 - -25) + 0 + (21 - 2 - -1) a prime number?
False
Let o(m) = m**3 - 4 - 6*m**2 + 1 - 16*m + 0 + 5. Let a be o(19). Suppose 7*l - 2427 - a = 0. Is l prime?
False
Let i(f) be the second derivative of f**7/2520 + f**6/240 + 1157*f**5/120 + 17*f**4/12 + 3*f. Let q(v) be the third derivative of i(v). Is q(0) composite?
True
Suppose 12*w + 16 = 20*w. Suppose 0 = -w*y - 449 + 12063. Is y prime?
True
Let l be (0 - -1) + (-1)/(4 + -5). Suppose 2*i + l*c = 4*i - 5416, 5*i - c - 13528 = 0. Is i composite?
True
Let p = 12123 + 758. Is p a composite number?
True
Suppose 7 = 5*v - n - 41, 0 = -3*n - 9. Let o be (6/v)/((-6)/(-9)) - -2. Suppose 5*p = -2*s + 6728, 0 = o*p - 4*p + 5*s + 1351. Is p a prime number?
False
Let y(v) = 2588*v + 9. Let f(m) = 5176*m + 18. Let j(z) = -4*f(z) + 9*y(z). Is j(6) a prime number?
False
Let a be 14/6*(-7 + 10)*-5. Is 9239/(5/a*-7) composite?
False
Let c(u) = 1581*u - 5669. Is c(88) composite?
True
Suppose 53*o - 1679985 = -3*f + 50*o, -f + 4*o + 559955 = 0. Is f composite?
True
Let o = -117401 - -217604. Suppose 2*s = 4, c - 3*s = -2*c + o. Is c prime?
True
Suppose -16908 - 42422 = -5*g. Suppose -4*h = -8*h + 2*t + 9504, -t = 5*h - g. Is h a composite number?
True
Suppose f + 41 = -v + 6086, 0 = 4*v + f - 24186. Is v a composite number?
False
Suppose -4*i = -0*w + 3*w - 11482, 2*w - i - 7673 = 0. Let h be 65/15 - 2/(-3). Suppose 0 = 3*x + h*l - w, 1204 + 3894 = 4*x + 2*l. Is x a prime number?
False
Suppose 4*d = 98 - 38. Suppose -d*l + 13*l = 670. Let b = l + 714. Is b a composite number?
False
Let r = -239 - -243. Suppose -5*n = 3*i - 206729 + 6387, r = -4*i. Is n prime?
False
Let s(z) = z - 16. Let i be s(28). Is (i/48)/(4 - 14061/3516) a composite number?
False
Let f = 10518 + -935. Suppose 18*o = 7823 + f. Is o prime?
True
Suppose 15*z - 400 = 7*z. Is z/(-25) - (2 + -1642 + 1) a composite number?
False
Is (2 - (-12 - -3)) + 56566 a composite number?
True
Let j(q) = 7328*q**3 + q**2 + 13*q - 23. Is j(2) prime?
True
Let i(v) = 2460*v + 14. Let s be i(2). Suppose h - s = -2*d, 4*h = d + 7*h - 2467. Is d a composite number?
False
Let a(c) = -c**3 - 35*c**2 + 4*c + 141. Let g be a(-35). Is (1048/24)/(g/3) a composite number?
False
Let l be 0/2 + 1*(31 + -6). Let q(k) = 4*k**3 - 16*k**2 - 24*k - 27. Is q(l) a prime number?
False
Let x(u) = 44*u**2 + 51*u + 17. Is x(-10) prime?
True
Let i(u) = u**2 + 7*u + 12. Let w be i(-3). Suppose q - 842 + 193 = w. Is q composite?
True
Let t = -5 - -267. Is t/(20/(-75) + 6/9) a prime number?
False
Suppose -2*k + 193609 = -3*g, 0 = -3694*k + 3697*k - 2*g - 290421. Is k a prime number?
False
Let s be (-4*5)/(-5) - 41. Let v = 43 + s. Suppose -u - 1655 = -v*u. Is u a prime number?
True
Let q be (188/(-376))/((-1)/(-176)*2). Is 8/q + (-195885)/(-165) prime?
True
Suppose 0 = 2*t + 11*z - 8*z + 18, 0 = 3*z. Is (-3)/((-135)/20) + (-13865)/t a composite number?
True
Is (-3 - (-3554485)/25)/((-35)/(-175)) a composite number?
True
Suppose 4*l = -155*z + 160*z - 31905, 3*z + 3*l = 19170. Is z a prime number?
False
Suppose -13 = 22*j - 233. Suppose 4*h - 8 = 0, 4*c - 18046 = -7*h + j*h. Is c prime?
True
Is (-34049)/4*((-45)/10 + 36/72) composite?
True
Suppose 109*u - 8807582 = 95*u. Is u a prime number?
True
Let z = 68 + -65. Suppose -1833 - 2374 = -z*p - 4*c, -2*c - 1389 = -p. Is p a composite number?
True
Suppose 2*t + 75384 = 14*t. Suppose t = -16*b + 22*b. Is b a prime number?
False
Let p(i) = -53*i**2 + 13*i - 41. Let v(m) = -107*m**2 + 26*m - 83. Let n(c) = -13*p(c) + 6*v(c). Suppose -13 - 3 = -2*r. Is n(r) prime?
True
Let c = 46 - 43. Suppose -5*l = -4*l - 4. Suppose c*t + l*n - 2909 = 0, 2*t = -0*t - 5*n + 1944. Is t composite?
False
Suppose 0 = 11*b + 10*b - 8090004 + 1270926. Is b composite?
True
Let q be 9/((-3 + (-7)/(-2))*2). Suppose 1 = q*o - 8*o. Is 450 - (4 - (4 - o)) a prime number?
True
Suppose -177*i + 2319407 = -195450865 - 32767449. Is i prime?
False
Let w(u) = 76*u**2 + 6*u - 413. Is w(14) a composite number?
True
Suppose -8*z = 5*l - 7*l + 1285738, -5*z - 642869 = -l. Is l a prime number?
True
Let q be (-364)/(-18) - 36/162. Suppose q = -4*z + 40. Suppose -z*r = -3*r - 1742. Is r composite?
True
Let u = -15 + 19. Suppose u*o + 469 = -3*g, -2*g + 4*g + 286 = 4*o. Let v = g + 810. Is v a composite number?
False
Suppose 4*u = 3*u + 1. Let o be 0 + u - 3/((-21)/(-35)). Is (-6)/(o/(-978)*-3) a composite number?
True
Is 108/81*(762281/4 - 1)*3 a composite number?
False
Let w = -312 - -810. Is (-9 - -3)/(-18)*w composite?
True
Suppose -68*w + 740459 - 498140 = -777341. Is w a prime number?
False
Is (-22644435)/(-275) + 8/(-20) prime?
False
Suppose -4*v + 751126 = -2*m + 214048, 3*v + 5*m = 402776. Is v a composite number?
True
Suppose 32*g = 18*g - 27608. Let i = 4785 + g. Is i composite?
True
Let a(g) = -2522*g - 2403. Is a(-41) composite?
False
Suppose -17*l - 3429 = -16*l. Let s = l + 5026. Is s a composite number?
False
Let u = -34665 - -49073. Suppose -4*z + u = -11428. Is z prime?
False
Let x(n) = 38*n - 22863. Let y(b) = -13*b + 7621. Let i(w) = 2*x(w) + 7*y(w). Is i(0) prime?
True
Suppose -5*z + 5*t + 375835 = -0*z, 2*z = 4*t + 150326. Is z prime?
False
Suppose 4*u = 6*u - 12254. Suppose -2*s - 4608 = -3*q + 3*s, s + u = 4*q. Is q composite?
False
Suppose t = 9473 + 48164. Is t composite?
False
Suppose 2*l = 2*p + 6*l + 7378, -2*p - l = 7372. Let s = p + 7862. Is s prime?
True
Let z(b) = 848*b + 1461. Is z(61) composite?
False
Is 16/256 - (-28564809)/112 a prime number?
True
Suppose 340*s - 10652678 - 6868982 = 80*s. Is s composite?
False
Let m(v) = -4*v**3 + 3*v**2 - 17*v - 811. Is m(-62) a composite number?
False
Is ((-8771382)/(-36) + 27)*4/3 composite?
True
Let v be 24268 + 1*(1 + (0 - 4)). Suppose 0 = -5*s - 0*s + v. Is s a prime number?
False
Suppose 98703 = 10*o - o. Is o a prime number?
False
Let d(f) = -f**2 + 11*f + 16. Let m be d(13). Let s(b) = 2*b + 32. Let p be s(m). Is p/(-4) - (-307 + 1) a composite number?
True
Let r(d) = d**2 + 9*d + 7. Let c be r(-10). Let u(z) = -z**2 + 53*z + 97. Let s be u(49). Is (2*s/5)/(c/85) a prime number?
False
Let z = -150 - -151. Let v(t) = 139*t**2 + 6*t - 6. Is v(z) prime?
True
Suppose 0 = 5*u + 4*r - 2329941, 1863953 = -2750*u + 2754*u + 3*r. Is u a composite number?
False
Let n(c) = 41*c**2 - 5*c - 2. Let w be -2 + (-3 - -2) + 18/3. Suppose i + w*i = -d - 4, -3*i = -5*d + 26. Is n(d) a composite number?
True
Let s = 6 + -6. Suppose 5*f + 28 = u, u + s = -3*f - 12. Suppose 0 = u*n - 5*a - 2049, n + 2*a = 5*n - 2732. Is n a prime number?
True
Is (-838)/(-8)*((-574)/(-13) + 6/(-39)) prime?
False
Suppose 26*d + 69737 - 1258171 = 0. Is d prime?
False
Let s(b) = -2*b**2 - 23*b + 15. Let m be s(-12). Suppose -m*t + 1207 = -2570. Is t prime?
True
Suppose -151*r + 310770 = -8830619. Is r composite?
False
Suppose -600 = 2*y - 4*y. Let c = -50 + 173. Let x = y - c. Is x composite?
True
Let b(y) be the second derivative of -3/2*y